 units digit of c?
9
Suppose -15 = -5*w + 10. Suppose -4*o = -w*b - 237, -39 + 14 = 5*b. What is the tens digit of o?
5
Suppose 8*l - 9*l = 3, 3*r + 2*l = 2643. What is the tens digit of r?
8
Let p = -5 - -6. Suppose -p = 2*z + 1. Let i(y) = -6*y**3 + y**2. What is the units digit of i(z)?
7
Let k = 1501 + -675. What is the tens digit of k?
2
Suppose -201711 = -71*t + 33441. What is the units digit of t?
2
Suppose z + 1700 = 5*z + 5*q, 2*z - 4*q - 850 = 0. What is the units digit of z?
5
Suppose -5*r = k - 45, 3*k - 258 = 4*r - 85. Suppose -3*y + 391 = k. What is the units digit of y?
2
Let u = 3 + 0. Suppose -5*c - 2*h = -375, 23*c = 22*c - 3*h + 88. Suppose -u*s - 3*k + 98 = -c, 65 = s + 5*k. What is the tens digit of s?
5
Suppose 0 = 2*s + s - 2*j - 1128, 0 = -3*s + 4*j + 1128. Suppose -8*a - s = -10*a. What is the hundreds digit of a?
1
Suppose 0 = 25*i - 30*i + 205. Suppose -4*w - 5*u + 117 = -w, w = -u + i. Suppose -2*s = -w + 16. What is the tens digit of s?
1
Let a(c) = -72*c + 817. What is the units digit of a(0)?
7
Let b be 4/3 + (-5460)/(-63). Suppose 104 = 5*l + 2*z, 3*l + l - b = -4*z. What is the units digit of l?
0
Let c(m) = m**2 - 3*m + 2. Let r be c(1). Suppose r = 4*a + 4*x - 36, 3*a - 4*x + 2*x - 37 = 0. What is the tens digit of a?
1
Let t = -14 - 6. Let r(y) = -y**2 - 24*y - 50. What is the tens digit of r(t)?
3
Let y(d) = 7*d**2 + 14*d + 20. What is the tens digit of y(-9)?
6
Let k(x) = 4*x - 21. Suppose 0 = -r + 4*f + 10, 0*f - 2 = 2*r + 3*f. Suppose r*n = 10, -2*w + 2*n = -20 - 10. What is the units digit of k(w)?
9
Suppose -1456 = 2*n - 10*n. What is the units digit of n?
2
Suppose o - 3*p = 44, -2*o = -6*o - 4*p + 176. What is the tens digit of o?
4
Suppose 38*w = 9*w + 50837. What is the tens digit of w?
5
Let f(y) = 11*y**3 - y. Let u be f(-1). Let v(d) = -2*d**3 + 3*d**2 - d - 1. Let a be v(3). Let m = u - a. What is the units digit of m?
1
Suppose 0 = 2*j - 8 - 16. Suppose 11*l = j*l - 10. Suppose 5*z - l*z + 140 = 0. What is the units digit of z?
8
Let c(d) = d**2 - 7*d - 7. Let q be c(8). Let t be (q/(-3))/(9/(-1755)). Let r = t - 38. What is the units digit of r?
7
Let o be 482/10 + (-1)/5. Suppose -7*k = -11*k + o. Suppose -3 = -v, -5*v = -4*r + k + 105. What is the tens digit of r?
3
Let y = -9 + 6. Let v be 0 + 5 + y - 0. What is the units digit of -3*3/(-6)*v?
3
Let c(o) = o**3 + 5*o**2 - o - 5. Let x be c(-5). Let n = x + 2. Suppose 2*f - 56 = -n*f. What is the tens digit of f?
1
Let d(l) = -7*l + 4. Let g be d(-2). Suppose g = 2*w - 2*n, w - 3*n + 3 - 10 = 0. Suppose v + v = w. What is the units digit of v?
5
Let v(a) = 9*a**2 - 20*a - 17. What is the units digit of v(7)?
4
Let l(c) = -c**3 + 19*c**2 - 13*c - 32. Let z be l(17). Let o = -26 + z. What is the hundreds digit of o?
2
Let y = 34 - 31. Suppose 159 = -y*o + 4*n, 5*o - 2*n = -206 - 45. Let r = o - -109. What is the tens digit of r?
6
Let b be (-28)/(-6)*(-7 + 4). Let k = b + 45. What is the units digit of k?
1
Suppose -4 = 7*d - 5*d. Let q be 12/d*(-4)/12. Suppose -30 - 22 = -q*x. What is the units digit of x?
6
Suppose 4*n = 0, 4*n + 21 = -4*a - 3. Let q(d) = -d + 4*d**2 - 5 - 3*d**2 + 2*d. What is the units digit of q(a)?
5
Let p = 1 - 0. Let g be 3*(p - 16/12). What is the units digit of g + -1 - (-270)/5?
2
What is the thousands digit of (4419 - -39)*2/3?
2
Let h(u) = 3*u**3 + 25*u**2 - 7*u + 17. Let r(k) = -2*k**3 - 17*k**2 + 5*k - 11. Let t(v) = 5*h(v) + 7*r(v). What is the units digit of t(-6)?
8
Let i = -32 + 488. What is the hundreds digit of i?
4
Suppose 5*j - 971 - 3279 = 0. What is the hundreds digit of j?
8
What is the hundreds digit of (8328/48)/((-1)/(-2))?
3
Let i = 14950 - 10518. What is the units digit of 4/(-14) - i/(-28)?
8
Suppose 0 = -5*k + t - 43, -4*k - 2*t - 23 = t. Let q(m) = m**3 - 9*m**2 + 6*m + 20*m**2 + 9 + 12*m. What is the tens digit of q(k)?
5
What is the hundreds digit of (-1)/(18/(-4206)) + (-16)/(-12)?
2
Let d be (-7 + -1 - 1)/(79/(-5846)). Let r = -420 + d. What is the units digit of r?
6
Let d = -900 - -4624. What is the tens digit of d?
2
Suppose -8 = -2*a - 4*k, -2*k + 3 + 13 = -a. Let y be (-2886)/(-18) + 2/a. Suppose 0 = 5*o + 2*b - y, o - 5*b + 96 = 4*o. What is the tens digit of o?
3
Suppose 3*z + 23 = -40. Let h be 1*(-7)/(z/(-30)). What is the tens digit of h*2/10*-14?
2
Suppose -11*m + 6*m + 1595 = 0. Let c = m - 153. What is the units digit of c?
6
Let o = 126 + 160. What is the tens digit of o?
8
Suppose 2*g + 1 = 7. Suppose g*a + 2*v + 14 = 0, 3*v = 2*a - v + 36. Let m = a + 26. What is the tens digit of m?
1
Let c(t) = 8*t**2 + t + 5. Let p be c(-2). What is the units digit of (p/(-28))/((-1)/68)?
5
Let r = 66 - 63. Suppose -4*b + b + 636 = 0. Suppose -285 = -2*h - r*h + 5*y, -4*h - 4*y + b = 0. What is the units digit of h?
5
Let h(q) = 36*q. Let j(t) = 7*t. Let w(a) = 3*h(a) - 14*j(a). Let n be w(7). Suppose -16*v + 11*v + n = 0. What is the units digit of v?
4
Suppose -4*z - 2 = -18. Suppose 3*k = 2*d + d + 330, 0 = -k - z*d + 85. Let q = -64 + k. What is the units digit of q?
1
Let r(s) = s + 8. Let g be r(-10). Let w(m) = -m + 10. Let j be w(6). What is the units digit of (-9 - g)*(-9 + j)?
5
Suppose -2*k + 3*p - 9 = 0, 5*k + 2*p + p - 9 = 0. Suppose -2*l - f = -223, 4*l - 3*f + 0*f - 471 = k. What is the units digit of l?
4
Suppose 4*f = 1522 + 1438. What is the hundreds digit of f?
7
Suppose 0 = -4*a + 12 + 4. Let s = 56 - -28. Suppose -s = -a*p + p. What is the tens digit of p?
2
Suppose 99 = 8*m - 5*m. Suppose 0 = -2*n + 3*u + 311, n - m - 126 = 5*u. What is the tens digit of n?
5
Let z(b) = -b**2 - 3*b - 40. Let g(n) = n**2 + 2*n + 40. Let r(v) = 6*g(v) + 5*z(v). What is the units digit of r(6)?
8
Let j be -24*((-75)/(-6))/(-5). Suppose -3*a + 99 + j = 0. What is the units digit of a?
3
Let g = -2105 + 3934. What is the units digit of g?
9
Suppose 0 = -2*g - 2*g + 612. Let l = g + -26. What is the units digit of l?
7
What is the hundreds digit of 138*2 - (-95 + 103)?
2
Suppose -n + 1062 = 146. What is the units digit of n?
6
What is the units digit of 17/((-204)/88)*(2 + -29)?
8
Let o = -23 - -69. Let j = o + -20. What is the tens digit of j?
2
Suppose -5*j - 5*x + 3125 = 0, 6*j + 1870 = 9*j + 4*x. What is the hundreds digit of j?
6
Suppose 5*g + 27 = -33. Let o(l) = -l**2 - 7*l + 1. Let b be o(-11). Let w = g - b. What is the units digit of w?
1
Let m(k) = 18*k - 55. Let c be (2/8*4)/1 - -6. What is the units digit of m(c)?
1
Suppose 3*a - 7 = -1. Suppose -4*h + n - 5*n + 452 = 0, a*h = -3*n + 230. What is the tens digit of h?
0
Let r = 3460 - 1781. What is the tens digit of r?
7
Suppose -2*k + 6 - 4 = -2*g, 4*g = -3*k - 4. Let r be (0 - g)/((-1)/(-4)). Suppose 25 = y + r. What is the units digit of y?
1
Let a(c) = -c**3 - 6*c**2 - 3*c + 11. Let z be a(-5). Let m be (z*-6)/((-21)/392). What is the units digit of 3/(-9) - m/(-12)?
9
Suppose 4920 = -z + 6*z. Suppose -10*i + z = -2*i. What is the units digit of i?
3
Let f be 30/75 - (-983)/5. Let h = f + -139. What is the units digit of h?
8
Let s(n) = -n**3 - 15*n**2 + 50*n + 23. What is the hundreds digit of s(-22)?
3
What is the tens digit of (-546)/24*(-80)/1?
2
Let m(x) = 12*x + 19. Let q be m(3). Suppose -20 = 4*l, l + q - 14 = 4*w. What is the units digit of w?
9
Let h = 5112 + -357. What is the thousands digit of h?
4
Let o = -24 + 24. What is the tens digit of (o - (-33)/2)*2?
3
Let b(z) = z**2 + 10*z + 14. Let g be b(-9). Suppose 324 = g*l + l. What is the tens digit of l?
5
Let b be (20/(-15))/(1/(-9)). Suppose 0 = -5*f + f + b. Suppose -5*g + 240 = f*j, -6*g + g + j = -260. What is the tens digit of g?
5
Let w = -83 + 68. Let g = w - -127. What is the tens digit of g?
1
Let y = 5 + -4. What is the units digit of (y*(-6)/9)/((-10)/2535)?
9
Suppose -2*m - 24 = -4*m. Suppose -m*t + t + 319 = 0. What is the tens digit of t?
2
Let y(o) = -o**2 - 2*o + 7. Let p be y(-4). Suppose 3*n + 2*q = 7, -3*n + 6 = -0*n + 3*q. What is the units digit of p/(n*(-3)/135)?
5
Suppose -37783 + 10138 = -15*i. What is the units digit of i?
3
Let j(a) = a**3 - a**2 - 6*a - 2. Let r be j(6). Let t = 249 - r. What is the tens digit of t?
0
Let m = -3305 - -7255. What is the thousands digit of m?
3
What is the tens digit of 254576/308 + 6/(-11)?
2
L